alse
Is 1409 prime?
True
Is 30883 a composite number?
True
Is 256027 a composite number?
True
Is 37385 composite?
True
Is 115201 a prime number?
True
Is 40231 a composite number?
False
Is 256837 a prime number?
False
Is 411269 composite?
True
Is 1305287 a prime number?
True
Is 12953 a composite number?
False
Is 234665 prime?
False
Is 2939 a prime number?
True
Is 2567 a composite number?
True
Is 532691 composite?
False
Is 4871 a prime number?
True
Is 25727 composite?
True
Is 529 a composite number?
True
Is 605326 a composite number?
True
Is 45293 composite?
False
Is 4513 a composite number?
False
Is 9983 prime?
False
Is 249463 prime?
True
Is 1835 a composite number?
True
Is 26083 a composite number?
False
Is 59003 a composite number?
True
Is 2059 a composite number?
True
Is 1421681 prime?
False
Is 2566803 a prime number?
False
Is 46 prime?
False
Is 61853 a composite number?
True
Is 3299 a composite number?
False
Is 365137 a composite number?
False
Is 428951 a composite number?
False
Is 7607 composite?
False
Is 4909 a composite number?
False
Is 108907 prime?
True
Is 241897 composite?
True
Is 973603 a prime number?
False
Is 867431 prime?
True
Is 10901 a prime number?
False
Is 5455 composite?
True
Is 5197 a prime number?
True
Is 177 a prime number?
False
Is 420389 a prime number?
False
Is 478823 prime?
True
Is 38011 composite?
False
Is 22097 a composite number?
True
Is 686267 a prime number?
True
Is 1188949 composite?
True
Is 52163 prime?
True
Is 12323 a composite number?
False
Is 57286 prime?
False
Is 196799 composite?
False
Is 238265 a prime number?
False
Is 44017 a composite number?
False
Is 36469 a prime number?
True
Is 15959 composite?
False
Is 42209 a composite number?
False
Is 37577 a prime number?
False
Is 255757 a prime number?
True
Is 7507 prime?
True
Is 4111 prime?
True
Is 8791 composite?
True
Is 1279 composite?
False
Is 14642 a composite number?
True
Is 3057763 a prime number?
True
Is 15089 prime?
False
Is 45943 composite?
False
Is 46807 composite?
False
Is 17023 composite?
True
Is 46381 prime?
True
Is 80299 a composite number?
True
Is 298241 a prime number?
False
Is 188585 a prime number?
False
Is 393847 a composite number?
False
Is 1737397 a composite number?
True
Is 3713 a composite number?
True
Is 2467 a composite number?
False
Is 273873 a composite number?
True
Is 36769 composite?
True
Is 218401 a composite number?
False
Is 131 prime?
True
Is 130947 prime?
False
Is 4193 a composite number?
True
Is 251677 composite?
False
Is 563 prime?
True
Is 7019 a composite number?
False
Is 284771 a prime number?
False
Is 2281207 prime?
True
Is 2060591 a prime number?
False
Is 35729 a prime number?
True
Is 93683 a prime number?
True
Is 11707 a prime number?
False
Is 658289 a prime number?
False
Is 267533 prime?
False
Is 403363 a prime number?
True
Is 17785 a prime number?
False
Is 325921 a prime number?
True
Is 15013 a composite number?
False
Is 68717 a composite number?
True
Is 1895659 composite?
True
Is 87983 a composite number?
True
Is 306557 prime?
False
Is 43657 a composite number?
True
Is 218847 prime?
False
Is 28003 prime?
False
Is 1118713 composite?
False
Is 5191 a composite number?
True
Is 8539 prime?
True
Is 4822 a prime number?
False
Is 456673 a prime number?
False
Is 11197 a prime number?
True
Is 13487 a composite number?
False
Is 1005007 a prime number?
True
Is 240167 a prime number?
False
Is 206879 prime?
True
Is 30183 a prime number?
False
Is 13001 a prime number?
True
Is 9131 a prime number?
False
Is 314 a prime number?
False
Is 27397 composite?
False
Is 879917 prime?
True
Is 2771 a prime number?
False
Is 505 a prime number?
False
Is 1223086 a composite number?
True
Is 5541 a prime number?
False
Is 129527 a prime number?
True
Is 4777 a composite number?
True
Is 35831 composite?
False
Is 32501 composite?
True
Is 34739 a prime number?
True
Is 141023 a prime number?
True
Is 40459 composite?
False
Is 17519 composite?
False
Is 5197 a composite number?
False
Is 461509 composite?
True
Is 51131 a composite number?
False
Is 1523 prime?
True
Is 33 a composite number?
True
Is 28113 a prime number?
False
Is 364501 a composite number?
True
Is 200209 prime?
False
Is 9407 composite?
True
Is 63914 composite?
True
Is 589 a composite number?
True
Is 575009 a prime number?
True
Is 7341 prime?
False
Is 18779 a prime number?
False
Is 618799 composite?
False
Is 151781 a composite number?
True
Is 2426993 prime?
False
Is 153377 composite?
True
Is 37711 composite?
True
Is 864883 a composite number?
False
Is 13567 prime?
True
Is 104729 a composite number?
False
Is 33599 a composite number?
False
Is 1973 prime?
True
Is 77447 a prime number?
True
Is 351341 composite?
False
Is 12233 prime?
False
Is 23513 composite?
True
Is 25663 a prime number?
False
Is 586589 a prime number?
True
Is 541 a prime number?
True
Is 40343 a prime number?
True
Is 12071 prime?
True
Is 8641 composite?
False
Is 307949 a prime number?
False
Is 258226 composite?
True
Is 15013 prime?
True
Is 706105 a composite number?
True
Is 57734 a composite number?
True
Is 106261 prime?
True
Is 10391 composite?
False
Is 197521 a prime number?
True
Is 3173653 a composite number?
True
Is 39677 a prime number?
False
Is 5897 a prime number?
True
Is 24907 a prime number?
True
Is 14786 a prime number?
False
Is 54139 prime?
True
Is 54241 a prime number?
False
Is 9413 a prime number?
True
Is 167971 composite?
False
Is 8269 a prime number?
True
Is 5965 prime?
False
Is 1475821 prime?
False
Is 6658 a composite number?
True
Is 9371 prime?
True
Is 24007 composite?
False
Is 620413 prime?
True
Is 497801 a prime number?
True
Is 412379 prime?
False
Is 281963 composite?
True
Is 66811 a prime number?
False
Is 486847 composite?
True
Is 27746 a composite number?
True
Is 59803 a prime number?
False
Is 219251 prime?
True
Is 1949 a prime number?
True
Is 284293 a prime number?
True
Is 145879 a composite number?
False
Is 523841 prime?
False
Is 9133 composite?
False
Is 41459 prime?
False
Is 26099 a composite number?
False
Is 87389 a composite number?
True
Is 2413 a prime number?
False
Is 202394 composite?
True
Is 593689 prime?
True
Is 76421 a prime number?
True
Is 269017 a composite number?
True
Is 179041 composite?
False
Is 1347899 a composite number?
True
Is 9871 a prime number?
True
Is 864653 composite?
True
Is 5006 composite?
True
Is 3193 a composite number?
True
Is 70697 composite?
True
Is 52909 prime?
False
Is 13957 composite?
True
Is 1346 prime?
False
Is 89818 composite?
True
Is 51059 composite?
False
Is 1650659 a prime number?
True
Is 74117 a prime number?
False
Is 112793 a prime number?
False
Is 24577 a prime number?
False
Is 9677 a composite number?
False
Is 7219 prime?
True
Is 43843 composite?
True
Is 699 a prime number?
False
Is 27933 composite?
True
Is 57569 a prime number?
False
Is 583679 a composite number?
True
Is 3481 a prime number?
False
Is 18041 a composite number?
False
Is 3491 a prime number?
True
Is 267871 a composite number?
True
Is 88679 a composite number?
True
Is 107119 a composite number?
False
Is 16567 composite?
False
Is 45613 composite?
False
Is 197231 a prime number?
False
Is 24317 prime?
True
Is 62089 composite?
True
Is 437321 composite?
False
Is 60969 composite?
True
Is 1176277 composite?
False
Is 325891 composite?
False
Is 22523 composite?
True
Is 11099 a composite number?
True
Is 346793 a composite number?
False
Is 1709989 a composite number?
False
Is 6637 prime?
True
Is 156017 a prime number?
False
Is 239117 prime?
False
Is 1693 prime?
True
Is 121931 composite?
False
Is 3587 composite?
True
Is 74131 a composite number?
False
Is 4032923 a composite number?
False
Is 35873 a prime number?
False
Is 113342 a prime number?
False
Is 324391 prime?
True
Is 546001 prime?
True
Is 450673 composite?
True
Is 96757 a composite number?
False
Is 5155 prime?
False
Is 513901 composite?
True
Is 47707 a prime number?
False
Is 28415 prime?
False
Is 1693 prime?
True
Is 5059 a prime number?
True
Is 16081 a composite number?
True
Is 5099 a prime number?
True
Is 14849 composite?
True
Is 422 a prime number?
False
Is 2609774 prime?
False
Is 36811 a prime number?
False
Is 45761 prime?
False
Is 539337 a prime number?
False
Is 85049 composite?
False
Is 142643 a prime number?
False
Is 2609 a prime number?
True
Is 376